{"id":1932,"date":"2018-03-11T10:15:19","date_gmt":"2018-03-11T10:15:19","guid":{"rendered":"http:\/\/www.lamantin.hu\/?page_id=1932"},"modified":"2018-03-11T10:15:19","modified_gmt":"2018-03-11T10:15:19","slug":"2017-2","status":"publish","type":"page","link":"http:\/\/www.lamantin.hu\/?page_id=1932","title":{"rendered":"2017"},"content":{"rendered":"<h2>18. Lamantin Jazz Fesztiv\u00e1l<\/h2>\n<p>Szombathely, 2017. j\u00fanius 18-24.<br \/>\nSzervez\u0151: Improvizat\u00edv Zenem\u0171hely Egyes\u00fclet<\/p>\n<ol start=\"2017\">\n<li>j\u00fanius 18. vas\u00e1rnap 20.00 Lamantin Klub (We\u00f6res S\u00e1ndor Sz\u00ednh\u00e1z \u2013 Kr\u00fady Klub &amp; \u00c9tterem)<\/li>\n<\/ol>\n<ul>\n<li><strong>T\u00e1bornyit\u00f3 koncert a Lamantin Improviz\u00e1ci\u00f3s T\u00e1bor tan\u00e1ri kar\u00e1nak r\u00e9szv\u00e9tel\u00e9vel<\/strong><\/li>\n<\/ul>\n<ol start=\"2017\">\n<li>j\u00fanius 19. h\u00e9tf\u0151 18.00 We\u00f6res S\u00e1ndor Sz\u00ednh\u00e1z \u2013 Sz\u00ednh\u00e1zterem<\/li>\n<\/ol>\n<ul>\n<li><strong>el\u0151zenekar \u2013 fiatal tehets\u00e9gek k\u00f6zrem\u0171k\u00f6d\u00e9s\u00e9vel<\/strong><\/li>\n<li><strong>Elek Istv\u00e1n Quartet \u00e9s Pocsai Krisztina<\/strong><\/li>\n<li><strong>Makrokozmosz<\/strong><\/li>\n<li><strong>Dado Moroni Italian Trio, with Riccardo Fioravanti and Stefano Bagnoli (I)<br \/>\n<\/strong><\/li>\n<\/ul>\n<ol start=\"2017\">\n<li>j\u00fanius 20. kedd 18.30 F\u0151 t\u00e9r \u2013 Lamantin Jazzs\u00e1tor<br \/>\n<strong><span style=\"color: #ff0000;\">SOUL &amp; FUNK NAP<\/span><\/strong><\/li>\n<\/ol>\n<ul>\n<li><strong>el\u0151zenekar \u2013 fiatal tehets\u00e9gek k\u00f6zrem\u0171k\u00f6d\u00e9s\u00e9vel<\/strong><\/li>\n<li><strong>Roadkill Cafe<\/strong><\/li>\n<li><strong>Jamal Thomas Band (USA-NL-D-AUS-I)<\/strong><\/li>\n<\/ul>\n<ol start=\"2017\">\n<li>j\u00fanius 21. szerda 20.00 Lamantin Klub (We\u00f6res S\u00e1ndor Sz\u00ednh\u00e1z \u2013 Kr\u00fady Klub &amp; \u00c9tterem)<\/li>\n<\/ol>\n<ul>\n<li><strong>el\u0151zenekar \u2013 fiatal tehets\u00e9gek k\u00f6zrem\u0171k\u00f6d\u00e9s\u00e9vel<\/strong><\/li>\n<li><strong>Pawe\u0142 Kaczmarczyk Audiofeeling Trio &amp; Mr Krime (PL)<\/strong><\/li>\n<\/ul>\n<ol start=\"2017\">\n<li>j\u00fanius 22. cs\u00fct\u00f6rt\u00f6k 18.00 F\u0151 t\u00e9r \u2013 Lamantin Jazzs\u00e1tor<br \/>\n<strong><span style=\"color: #ff0000;\">BLUES NAP<\/span><\/strong><\/li>\n<\/ol>\n<ul>\n<li><strong>el\u0151zenekar \u2013 fiatal tehets\u00e9gek k\u00f6zrem\u0171k\u00f6d\u00e9s\u00e9vel<\/strong><\/li>\n<li><strong>Pribojszki M\u00e1ty\u00e1s Band<\/strong><\/li>\n<li><strong>Little G Weevil<\/strong><\/li>\n<li><strong>Raphael Wressnig\u00a0&amp;\u00a0The Soul Gift Band (A \u2013 I &#8211; D)<\/strong><\/li>\n<\/ul>\n<ol start=\"2017\">\n<li>j\u00fanius 23. p\u00e9ntek 20.00 Lamantin Klub (We\u00f6res S\u00e1ndor Sz\u00ednh\u00e1z \u2013 Kr\u00fady Klub &amp; \u00c9tterem)<\/li>\n<\/ol>\n<ul>\n<li><strong>el\u0151zenekar \u2013 fiatal tehets\u00e9gek k\u00f6zrem\u0171k\u00f6d\u00e9s\u00e9vel<\/strong><\/li>\n<li><strong>Agostino Di Giorgio Organ Trio (I)<\/strong><\/li>\n<\/ul>\n<ol start=\"2017\">\n<li>j\u00fanius 24. szombat 13.00 Zsinag\u00f3ga Udvar \u2013 Bart\u00f3k Terem<\/li>\n<\/ol>\n<ul>\n<li><strong>a Lamantin Improviz\u00e1ci\u00f3s T\u00e1bor z\u00e1r\u00f3koncertje a t\u00e1bor di\u00e1kjainak r\u00e9szv\u00e9tel\u00e9vel<\/strong><\/li>\n<\/ul>\n<p><strong>\u00a0<\/strong><\/p>\n<p><strong>Jam session<br \/>\n<\/strong>a Lamantin Klubban minden este a koncertek ut\u00e1n (We\u00f6res S\u00e1ndor Sz\u00ednh\u00e1z \u2013 Kr\u00fady Klub &amp; \u00c9tterem)<\/p>\n<p><strong>Czika L\u00e1szl\u00f3 fot\u00f3ki\u00e1ll\u00edt\u00e1sa<br \/>\n<\/strong>Az eddigi fesztiv\u00e1lokon k\u00e9sz\u00fclt k\u00e9peib\u0151l<br \/>\nHelysz\u00edn: We\u00f6res S\u00e1ndor Sz\u00ednh\u00e1z<\/p>\n","protected":false},"excerpt":{"rendered":"<p>18. Lamantin Jazz Fesztiv\u00e1l Szombathely, 2017. j\u00fanius 18-24. Szervez\u0151: Improvizat\u00edv Zenem\u0171hely Egyes\u00fclet j\u00fanius 18. vas\u00e1rnap 20.00 Lamantin Klub (We\u00f6res S\u00e1ndor Sz\u00ednh\u00e1z \u2013 Kr\u00fady Klub &amp; \u00c9tterem) T\u00e1bornyit\u00f3 koncert a Lamantin&#8230;<\/p>\n","protected":false},"author":2,"featured_media":0,"parent":0,"menu_order":0,"comment_status":"closed","ping_status":"closed","template":"","meta":{"footnotes":""},"_links":{"self":[{"href":"http:\/\/www.lamantin.hu\/index.php?rest_route=\/wp\/v2\/pages\/1932"}],"collection":[{"href":"http:\/\/www.lamantin.hu\/index.php?rest_route=\/wp\/v2\/pages"}],"about":[{"href":"http:\/\/www.lamantin.hu\/index.php?rest_route=\/wp\/v2\/types\/page"}],"author":[{"embeddable":true,"href":"http:\/\/www.lamantin.hu\/index.php?rest_route=\/wp\/v2\/users\/2"}],"replies":[{"embeddable":true,"href":"http:\/\/www.lamantin.hu\/index.php?rest_route=%2Fwp%2Fv2%2Fcomments&post=1932"}],"version-history":[{"count":1,"href":"http:\/\/www.lamantin.hu\/index.php?rest_route=\/wp\/v2\/pages\/1932\/revisions"}],"predecessor-version":[{"id":1933,"href":"http:\/\/www.lamantin.hu\/index.php?rest_route=\/wp\/v2\/pages\/1932\/revisions\/1933"}],"wp:attachment":[{"href":"http:\/\/www.lamantin.hu\/index.php?rest_route=%2Fwp%2Fv2%2Fmedia&parent=1932"}],"curies":[{"name":"wp","href":"https:\/\/api.w.org\/{rel}","templated":true}]}}

<h2>18. Lamantin Jazz Fesztivál</h2>
<p>Szombathely, 2017. június 18-24.<br />
Szervező: Improvizatív Zeneműhely Egyesület</p>
<ol start="2017">
<li>június 18. vasárnap 20.00 Lamantin Klub (Weöres Sándor Színház – Krúdy Klub &amp; Étterem)</li>
</ol>
<ul>
<li><strong>Tábornyitó koncert a Lamantin Improvizációs Tábor tanári karának részvételével</strong></li>
</ul>
<ol start="2017">
<li>június 19. hétfő 18.00 Weöres Sándor Színház – Színházterem</li>
</ol>
<ul>
<li><strong>előzenekar – fiatal tehetségek közreműködésével</strong></li>
<li><strong>Elek István Quartet és Pocsai Krisztina</strong></li>
<li><strong>Makrokozmosz</strong></li>
<li><strong>Dado Moroni Italian Trio, with Riccardo Fioravanti and Stefano Bagnoli (I)<br />
</strong></li>
</ul>
<ol start="2017">
<li>június 20. kedd 18.30 Fő tér – Lamantin Jazzsátor<br />
<strong><span style="color: #ff0000;">SOUL &amp; FUNK NAP</span></strong></li>
</ol>
<ul>
<li><strong>előzenekar – fiatal tehetségek közreműködésével</strong></li>
<li><strong>Roadkill Cafe</strong></li>
<li><strong>Jamal Thomas Band (USA-NL-D-AUS-I)</strong></li>
</ul>
<ol start="2017">
<li>június 21. szerda 20.00 Lamantin Klub (Weöres Sándor Színház – Krúdy Klub &amp; Étterem)</li>
</ol>
<ul>
<li><strong>előzenekar – fiatal tehetségek közreműködésével</strong></li>
<li><strong>Paweł Kaczmarczyk Audiofeeling Trio &amp; Mr Krime (PL)</strong></li>
</ul>
<ol start="2017">
<li>június 22. csütörtök 18.00 Fő tér – Lamantin Jazzsátor<br />
<strong><span style="color: #ff0000;">BLUES NAP</span></strong></li>
</ol>
<ul>
<li><strong>előzenekar – fiatal tehetségek közreműködésével</strong></li>
<li><strong>Pribojszki Mátyás Band</strong></li>
<li><strong>Little G Weevil</strong></li>
<li><strong>Raphael Wressnig &amp; The Soul Gift Band (A – I &#8211; D)</strong></li>
</ul>
<ol start="2017">
<li>június 23. péntek 20.00 Lamantin Klub (Weöres Sándor Színház – Krúdy Klub &amp; Étterem)</li>
</ol>
<ul>
<li><strong>előzenekar – fiatal tehetségek közreműködésével</strong></li>
<li><strong>Agostino Di Giorgio Organ Trio (I)</strong></li>
</ul>
<ol start="2017">
<li>június 24. szombat 13.00 Zsinagóga Udvar – Bartók Terem</li>
</ol>
<ul>
<li><strong>a Lamantin Improvizációs Tábor zárókoncertje a tábor diákjainak részvételével</strong></li>
</ul>
<p><strong> </strong></p>
<p><strong>Jam session<br />
</strong>a Lamantin Klubban minden este a koncertek után (Weöres Sándor Színház – Krúdy Klub &amp; Étterem)</p>
<p><strong>Czika László fotókiállítása<br />
</strong>Az eddigi fesztiválokon készült képeiből<br />
Helyszín: Weöres Sándor Színház</p>

<p>18. Lamantin Jazz Fesztivál Szombathely, 2017. június 18-24. Szervező: Improvizatív Zeneműhely Egyesület június 18. vasárnap 20.00 Lamantin Klub (Weöres Sándor Színház – Krúdy Klub &amp; Étterem) Tábornyitó koncert a Lamantin&#8230;</p>
