{"id":2422,"date":"2018-11-05T06:34:02","date_gmt":"2018-11-05T06:34:02","guid":{"rendered":"http:\/\/www.lamantin.hu\/?page_id=2422"},"modified":"2018-11-05T07:09:03","modified_gmt":"2018-11-05T07:09:03","slug":"2018-2","status":"publish","type":"page","link":"http:\/\/www.lamantin.hu\/?page_id=2422","title":{"rendered":"2018"},"content":{"rendered":"<h1>2018<\/h1>\n<p><strong>Vas N\u00e9pe 2018-06-16<\/strong><\/p>\n<p><a href=\"http:\/\/www.lamantin.hu\/wp-content\/uploads\/2018\/11\/VasN\u00e9pe20180616.jpg\" data-rel=\"lightbox-gallery-WHYKzeiY\" data-rl_title=\"\" data-rl_caption=\"\" title=\"\"><img loading=\"lazy\" decoding=\"async\" class=\"wp-image-2442 alignnone\" src=\"http:\/\/www.lamantin.hu\/wp-content\/uploads\/2018\/11\/VasN\u00e9pe20180616.jpg\" alt=\"\" width=\"265\" height=\"375\" srcset=\"http:\/\/www.lamantin.hu\/wp-content\/uploads\/2018\/11\/VasN\u00e9pe20180616.jpg 3508w, http:\/\/www.lamantin.hu\/wp-content\/uploads\/2018\/11\/VasN\u00e9pe20180616-283x400.jpg 283w, http:\/\/www.lamantin.hu\/wp-content\/uploads\/2018\/11\/VasN\u00e9pe20180616-768x1086.jpg 768w, http:\/\/www.lamantin.hu\/wp-content\/uploads\/2018\/11\/VasN\u00e9pe20180616-724x1024.jpg 724w\" sizes=\"(max-width: 265px) 100vw, 265px\" \/><\/a><\/p>\n<p><strong>Vas N\u00e9pe 2018-05-26<\/strong><\/p>\n<p><a href=\"http:\/\/www.lamantin.hu\/wp-content\/uploads\/2018\/11\/VasN\u00e9pe0526.jpg\" data-rel=\"lightbox-gallery-WHYKzeiY\" data-rl_title=\"\" data-rl_caption=\"\" title=\"\"><img loading=\"lazy\" decoding=\"async\" class=\" wp-image-2441 alignnone\" src=\"http:\/\/www.lamantin.hu\/wp-content\/uploads\/2018\/11\/VasN\u00e9pe0526.jpg\" alt=\"\" width=\"262\" height=\"288\" srcset=\"http:\/\/www.lamantin.hu\/wp-content\/uploads\/2018\/11\/VasN\u00e9pe0526.jpg 3485w, http:\/\/www.lamantin.hu\/wp-content\/uploads\/2018\/11\/VasN\u00e9pe0526-364x400.jpg 364w, http:\/\/www.lamantin.hu\/wp-content\/uploads\/2018\/11\/VasN\u00e9pe0526-768x844.jpg 768w, http:\/\/www.lamantin.hu\/wp-content\/uploads\/2018\/11\/VasN\u00e9pe0526-932x1024.jpg 932w\" sizes=\"(max-width: 262px) 100vw, 262px\" \/><\/a><\/p>\n<p><strong>S\u00e1rv\u00e1ri H\u00edrlap<\/strong><\/p>\n<p><a href=\"http:\/\/www.lamantin.hu\/wp-content\/uploads\/2018\/11\/S\u00e1rv\u00e1riH\u00edrlap.jpg\" data-rel=\"lightbox-gallery-WHYKzeiY\" data-rl_title=\"\" data-rl_caption=\"\" title=\"\"><img loading=\"lazy\" decoding=\"async\" class=\" wp-image-2440 alignnone\" src=\"http:\/\/www.lamantin.hu\/wp-content\/uploads\/2018\/11\/S\u00e1rv\u00e1riH\u00edrlap.jpg\" alt=\"\" width=\"268\" height=\"377\" srcset=\"http:\/\/www.lamantin.hu\/wp-content\/uploads\/2018\/11\/S\u00e1rv\u00e1riH\u00edrlap.jpg 1154w, http:\/\/www.lamantin.hu\/wp-content\/uploads\/2018\/11\/S\u00e1rv\u00e1riH\u00edrlap-285x400.jpg 285w, http:\/\/www.lamantin.hu\/wp-content\/uploads\/2018\/11\/S\u00e1rv\u00e1riH\u00edrlap-768x1079.jpg 768w, http:\/\/www.lamantin.hu\/wp-content\/uploads\/2018\/11\/S\u00e1rv\u00e1riH\u00edrlap-729x1024.jpg 729w\" sizes=\"(max-width: 268px) 100vw, 268px\" \/><\/a><\/p>\n<p><strong>Montage 2018 j\u00fanius<\/strong><\/p>\n<p><a href=\"http:\/\/www.lamantin.hu\/wp-content\/uploads\/2018\/11\/Montage201806.jpg\" data-rel=\"lightbox-gallery-WHYKzeiY\" data-rl_title=\"\" data-rl_caption=\"\" title=\"\"><img loading=\"lazy\" decoding=\"async\" class=\" wp-image-2439 alignnone\" src=\"http:\/\/www.lamantin.hu\/wp-content\/uploads\/2018\/11\/Montage201806.jpg\" alt=\"\" width=\"267\" height=\"378\" srcset=\"http:\/\/www.lamantin.hu\/wp-content\/uploads\/2018\/11\/Montage201806.jpg 1190w, http:\/\/www.lamantin.hu\/wp-content\/uploads\/2018\/11\/Montage201806-283x400.jpg 283w, http:\/\/www.lamantin.hu\/wp-content\/uploads\/2018\/11\/Montage201806-768x1087.jpg 768w, http:\/\/www.lamantin.hu\/wp-content\/uploads\/2018\/11\/Montage201806-724x1024.jpg 724w\" sizes=\"(max-width: 267px) 100vw, 267px\" \/><\/a><\/p>\n<p><strong>K\u0151szeg \u00e9s Vid\u00e9ke 2018-06-18<\/strong><\/p>\n<p><a href=\"http:\/\/www.lamantin.hu\/wp-content\/uploads\/2018\/11\/Koszegesvideke20180618.jpg\" data-rel=\"lightbox-gallery-WHYKzeiY\" data-rl_title=\"\" data-rl_caption=\"\" title=\"\"><img loading=\"lazy\" decoding=\"async\" class=\" wp-image-2438 alignnone\" src=\"http:\/\/www.lamantin.hu\/wp-content\/uploads\/2018\/11\/Koszegesvideke20180618.jpg\" alt=\"\" width=\"266\" height=\"376\" srcset=\"http:\/\/www.lamantin.hu\/wp-content\/uploads\/2018\/11\/Koszegesvideke20180618.jpg 1190w, http:\/\/www.lamantin.hu\/wp-content\/uploads\/2018\/11\/Koszegesvideke20180618-283x400.jpg 283w, http:\/\/www.lamantin.hu\/wp-content\/uploads\/2018\/11\/Koszegesvideke20180618-768x1087.jpg 768w, http:\/\/www.lamantin.hu\/wp-content\/uploads\/2018\/11\/Koszegesvideke20180618-724x1024.jpg 724w\" sizes=\"(max-width: 266px) 100vw, 266px\" \/><\/a><\/p>\n<p><strong>Heti V\u00e1lasz 2018-06-14<\/strong><\/p>\n<p><a href=\"http:\/\/www.lamantin.hu\/wp-content\/uploads\/2018\/11\/HetiV\u00e1lasz20180614.jpg\" data-rel=\"lightbox-gallery-WHYKzeiY\" data-rl_title=\"\" data-rl_caption=\"\" title=\"\"><img loading=\"lazy\" decoding=\"async\" class=\" wp-image-2437 alignnone\" src=\"http:\/\/www.lamantin.hu\/wp-content\/uploads\/2018\/11\/HetiV\u00e1lasz20180614.jpg\" alt=\"\" width=\"259\" height=\"366\" srcset=\"http:\/\/www.lamantin.hu\/wp-content\/uploads\/2018\/11\/HetiV\u00e1lasz20180614.jpg 1190w, http:\/\/www.lamantin.hu\/wp-content\/uploads\/2018\/11\/HetiV\u00e1lasz20180614-283x400.jpg 283w, http:\/\/www.lamantin.hu\/wp-content\/uploads\/2018\/11\/HetiV\u00e1lasz20180614-768x1087.jpg 768w, http:\/\/www.lamantin.hu\/wp-content\/uploads\/2018\/11\/HetiV\u00e1lasz20180614-724x1024.jpg 724w\" sizes=\"(max-width: 259px) 100vw, 259px\" \/><\/a><\/p>\n<p><strong>Heti V\u00e1lasz 2018-05-31<\/strong><\/p>\n<p><a href=\"http:\/\/www.lamantin.hu\/wp-content\/uploads\/2018\/11\/HetiV\u00e1lasz20180531.jpg\" data-rel=\"lightbox-gallery-WHYKzeiY\" data-rl_title=\"\" data-rl_caption=\"\" title=\"\"><img loading=\"lazy\" decoding=\"async\" class=\" wp-image-2436 alignnone\" src=\"http:\/\/www.lamantin.hu\/wp-content\/uploads\/2018\/11\/HetiV\u00e1lasz20180531.jpg\" alt=\"\" width=\"253\" height=\"327\" srcset=\"http:\/\/www.lamantin.hu\/wp-content\/uploads\/2018\/11\/HetiV\u00e1lasz20180531.jpg 1182w, http:\/\/www.lamantin.hu\/wp-content\/uploads\/2018\/11\/HetiV\u00e1lasz20180531-309x400.jpg 309w, http:\/\/www.lamantin.hu\/wp-content\/uploads\/2018\/11\/HetiV\u00e1lasz20180531-768x993.jpg 768w, http:\/\/www.lamantin.hu\/wp-content\/uploads\/2018\/11\/HetiV\u00e1lasz20180531-792x1024.jpg 792w\" sizes=\"(max-width: 253px) 100vw, 253px\" \/><\/a><\/p>\n<p><strong>Etalon<\/strong><\/p>\n<p><img loading=\"lazy\" decoding=\"async\" class=\" wp-image-2435 alignnone\" src=\"http:\/\/www.lamantin.hu\/wp-content\/uploads\/2018\/11\/Etalon.jpg\" alt=\"\" width=\"255\" height=\"374\" srcset=\"http:\/\/www.lamantin.hu\/wp-content\/uploads\/2018\/11\/Etalon.jpg 970w, http:\/\/www.lamantin.hu\/wp-content\/uploads\/2018\/11\/Etalon-273x400.jpg 273w, http:\/\/www.lamantin.hu\/wp-content\/uploads\/2018\/11\/Etalon-768x1127.jpg 768w, http:\/\/www.lamantin.hu\/wp-content\/uploads\/2018\/11\/Etalon-698x1024.jpg 698w\" sizes=\"(max-width: 255px) 100vw, 255px\" \/><\/p>\n<p><strong>Online megjelen\u00e9sek:<\/strong><\/p>\n<p><a href=\"https:\/\/www.gramofon.hu\/archivum\/nagykoru-a-lamantin-jazz-fesztival\">https:\/\/www.gramofon.hu\/archivum\/nagykoru-a-lamantin-jazz-fesztival<\/a><br \/>\n<a href=\"https:\/\/www.jazzma.hu\/hirek\/2018\/05\/20\/exkluziv-interju-a-lamantin-jazztabor-foszervezojevel-dr-timar-peterrel\">https:\/\/www.jazzma.hu\/hirek\/2018\/05\/20\/exkluziv-interju-a-lamantin-jazztabor-foszervezojevel-dr-timar-peterrel<\/a><br \/>\n<a href=\"https:\/\/fidelio.hu\/jazz-world\/iden-is-megnyilik-a-jazz-legszinesebb-rezervatuma-a-lamantin-136969.html\">https:\/\/fidelio.hu\/jazz-world\/iden-is-megnyilik-a-jazz-legszinesebb-rezervatuma-a-lamantin-136969.html<\/a><br \/>\n<a href=\"http:\/\/www.kormend.hu\/Hirek\/A_jazz_mindenkie.html\">http:\/\/www.kormend.hu\/Hirek\/A_jazz_mindenkie.html<\/a><br \/>\n<a href=\"https:\/\/www.programturizmus.hu\/ajanlat-lamantin-jazz-fesztival.html\">https:\/\/www.programturizmus.hu\/ajanlat-lamantin-jazz-fesztival.html<\/a><br \/>\n<a href=\"http:\/\/civilhangradio.hu\/2018\/06\/18\/lamantin-jazz-fesztival-es-improvizacios-tabor-szombathelyen\/\">http:\/\/civilhangradio.hu\/2018\/06\/18\/lamantin-jazz-fesztival-es-improvizacios-tabor-szombathelyen\/<\/a><br \/>\n<a href=\"http:\/\/www.nyugat.hu\/tartalom\/cikk\/lamantin_jazz_fesztival_szombathely_2018\">http:\/\/www.nyugat.hu\/tartalom\/cikk\/lamantin_jazz_fesztival_szombathely_2018<\/a><br \/>\n<a href=\"https:\/\/www.vaol.hu\/kultura\/helyi-kultura\/lamantin-jazz-sator-helyett-sporthaz-2376771\/\">https:\/\/www.vaol.hu\/kultura\/helyi-kultura\/lamantin-jazz-sator-helyett-sporthaz-2376771\/<\/a><br \/>\n<a href=\"http:\/\/vaskarika.hu\/hirek\/reszletek\/15258\/itt_a_19_lamantin_jazz_fesztival_es_improvizacios_tabor_programj\/\">http:\/\/vaskarika.hu\/hirek\/reszletek\/15258\/itt_a_19_lamantin_jazz_fesztival_es_improvizacios_tabor_programj\/<\/a><br \/>\n<a href=\"http:\/\/www.alon.hu\/programok\/2018\/06\/iden-sem-kezdodhet-a-nyar-a-lamantin-jazz-fesztival-es-improvizacios-tabor-nelkul\">http:\/\/www.alon.hu\/programok\/2018\/06\/iden-sem-kezdodhet-a-nyar-a-lamantin-jazz-fesztival-es-improvizacios-tabor-nelkul<\/a><br \/>\n<a href=\"http:\/\/www.fesztivalszovetseg.hu\/20160509090809\">http:\/\/www.fesztivalszovetseg.hu\/20160509090809<\/a><br \/>\n<a href=\"http:\/\/www.szombathely.hu\/onkormanyzat\/onkormanyzati-hirek\/dr-puskas-tivadar\/sajtotajekoztato-a-lamantin-fesztivalrol.13455\/\">http:\/\/www.szombathely.hu\/onkormanyzat\/onkormanyzati-hirek\/dr-puskas-tivadar\/sajtotajekoztato-a-lamantin-fesztivalrol.13455\/<\/a><br \/>\n<a href=\"https:\/\/www.jazzma.hu\/hirek\/2018\/06\/20\/ha-majd-lamantin-legeleszik-a-szombathelyi-fo-ter-orias-akvariumaban\">https:\/\/www.jazzma.hu\/hirek\/2018\/06\/20\/ha-majd-lamantin-legeleszik-a-szombathelyi-fo-ter-orias-akvariumaban<\/a><br \/>\n<a href=\"https:\/\/www.jazzma.hu\/hirek\/2018\/07\/02\/nemeth-ferenc-trio-20180629-lamantin-jazz-fesztival\">https:\/\/www.jazzma.hu\/hirek\/2018\/07\/02\/nemeth-ferenc-trio-20180629-lamantin-jazz-fesztival<\/a><br \/>\n<a href=\"https:\/\/www.jazzma.hu\/hirek\/2018\/06\/25\/allando-es-valtozo\">https:\/\/www.jazzma.hu\/hirek\/2018\/06\/25\/allando-es-valtozo<\/a><br \/>\n<a href=\"http:\/\/vaskarika.hu\/hirek\/reszletek\/15484\/megerkeztek_a_lamantinok-elstartolt_a_16_lamantin_improvizacios_\/\">http:\/\/vaskarika.hu\/hirek\/reszletek\/15484\/megerkeztek_a_lamantinok-elstartolt_a_16_lamantin_improvizacios_\/<\/a><br \/>\n<a href=\"http:\/\/www.alon.hu\/kultura\/2018\/06\/19-lamantin-jazz-fesztival-es-improvizacios-tabor-szombathelyen\">http:\/\/www.alon.hu\/kultura\/2018\/06\/19-lamantin-jazz-fesztival-es-improvizacios-tabor-szombathelyen<\/a><br \/>\n<a href=\"http:\/\/www.alon.hu\/kultura\/2018\/06\/19-lamantin-jazz-fesztival-es-improvizacios-tabor\">http:\/\/www.alon.hu\/kultura\/2018\/06\/19-lamantin-jazz-fesztival-es-improvizacios-tabor<\/a><br \/>\n<a href=\"http:\/\/www.alon.hu\/programok\/2018\/06\/itt-van-a-19-lamantin-jazz-fesztival-programja\">http:\/\/www.alon.hu\/programok\/2018\/06\/itt-van-a-19-lamantin-jazz-fesztival-programja<\/a><br \/>\n<a href=\"http:\/\/vaskarika.hu\/hirek\/reszletek\/15499\/szving_jazzfunk_es_toth_vera-mindenkinek_szolt_a_jazz_kedden_a_l\/\">http:\/\/vaskarika.hu\/hirek\/reszletek\/15499\/szving_jazzfunk_es_toth_vera-mindenkinek_szolt_a_jazz_kedden_a_l\/<\/a><br \/>\n<a href=\"http:\/\/vaskarika.hu\/galeria\/kepek\/6512\/Lamantin_Jazz_Fesztival_2018_-_a_penteki_nap_koncertjei\/\">http:\/\/vaskarika.hu\/galeria\/kepek\/6512\/Lamantin_Jazz_Fesztival_2018_-_a_penteki_nap_koncertjei\/<\/a><br \/>\n<a href=\"http:\/\/vaskarika.hu\/hirek\/reszletek\/15512\/szuper_kamarajazz_szolt_a_lamantin_penteki_napjan_a_bartok_terem\/\">http:\/\/vaskarika.hu\/hirek\/reszletek\/15512\/szuper_kamarajazz_szolt_a_lamantin_penteki_napjan_a_bartok_terem\/<\/a><br \/>\n<a href=\"http:\/\/vaskarika.hu\/hirek\/reszletek\/15510\/verbo_blues_est_a_lamantin_jazz_fesztival_blues_napjan_videoval\/\">http:\/\/vaskarika.hu\/hirek\/reszletek\/15510\/verbo_blues_est_a_lamantin_jazz_fesztival_blues_napjan_videoval\/<\/a><br \/>\n<a href=\"http:\/\/vaskarika.hu\/hirek\/reszletek\/15492\/hejsza_ritmusban_aradt_a_zene-a_dresch_quartet_koncertje_a_laman\/\">http:\/\/vaskarika.hu\/hirek\/reszletek\/15492\/hejsza_ritmusban_aradt_a_zene-a_dresch_quartet_koncertje_a_laman\/<\/a><br \/>\n<a href=\"https:\/\/www.nyugat.hu\/tartalom\/galeria\/26776\">https:\/\/www.nyugat.hu\/tartalom\/galeria\/26776<\/a><br \/>\n<a href=\"https:\/\/civilhangradio.hu\/2018\/06\/18\/lamantin-jazz-fesztival-es-improvizacios-tabor-szombathelyen\/\">https:\/\/civilhangradio.hu\/2018\/06\/18\/lamantin-jazz-fesztival-es-improvizacios-tabor-szombathelyen\/<\/a><br \/>\n<a href=\"https:\/\/zeneifesztival.lap.hu\/jazz_fesztivalok_2018\/25557386\">https:\/\/zeneifesztival.lap.hu\/jazz_fesztivalok_2018\/25557386<\/a><br \/>\n<a href=\"http:\/\/www.kormend.hu\/Hirek\/19_Lamantin_Jazz_Fesztival.html\">http:\/\/www.kormend.hu\/Hirek\/19_Lamantin_Jazz_Fesztival.html<\/a><br \/>\n<a href=\"http:\/\/megyeapp.hu\/events\/19-lamantin-jazz-fesztival\/https:\/\/www.fesztivalportal.hu\/konnyuzenei-fesztival\/lamantin-jazz-fesztival-szombathely\">http:\/\/megyeapp.hu\/events\/19-lamantin-jazz-fesztival\/https:\/\/www.fesztivalportal.hu\/konnyuzenei-fesztival\/lamantin-jazz-fesztival-szombathely<\/a><br \/>\n<a href=\"https:\/\/www.vaol.hu\/cimke\/lamantin-jazz-fesztival\/\">https:\/\/www.vaol.hu\/cimke\/lamantin-jazz-fesztival\/<\/a><br \/>\n<a href=\"http:\/\/www.awilime.com\/tv\/lamantin_jazz_fesztival_zenei_tabor_es_kurzus\/m2\/2018_06_18_03_50\/kgsJ\">http:\/\/www.awilime.com\/tv\/lamantin_jazz_fesztival_zenei_tabor_es_kurzus\/m2\/2018_06_18_03_50\/kgsJ<\/a><br \/>\n<a href=\"http:\/\/www.tvszombathely.hu\/hirek\/19-lamantin-jazz-fesztival-20180618\">http:\/\/www.tvszombathely.hu\/hirek\/19-lamantin-jazz-fesztival-20180618<\/a><br \/>\n<a href=\"http:\/\/www.hirolvaso.com\/lamantin-jazz-fesztival-es-improvizacios-tabor-szombathelyen\/\">http:\/\/www.hirolvaso.com\/lamantin-jazz-fesztival-es-improvizacios-tabor-szombathelyen\/<\/a><br \/>\n<a href=\"http:\/\/www.agorasavaria.hu\/programok\/zene-szombathely-es-kornyeke\/lamantin-blues\">http:\/\/www.agorasavaria.hu\/programok\/zene-szombathely-es-kornyeke\/lamantin-blues<\/a><br \/>\n<a href=\"http:\/\/www.snetberger.com\/hu\/Koncertek\/SZOMBATHELY-LAMANTIN-JAZZ-FESTIVAL-SYNAGOGE-BARTOK-TEREM-HUNGARY\">http:\/\/www.snetberger.com\/hu\/Koncertek\/SZOMBATHELY-LAMANTIN-JAZZ-FESTIVAL-SYNAGOGE-BARTOK-TEREM-HUNGARY<\/a><br \/>\n<a href=\"https:\/\/www.jazzma.hu\/hirek\/2018\/06\/28\/take-monk\">https:\/\/www.jazzma.hu\/hirek\/2018\/06\/28\/take-monk<\/a><br \/>\n<a href=\"https:\/\/www.jazzma.hu\/hirek\/2018\/06\/30\/es-meg-ez-is\">https:\/\/www.jazzma.hu\/hirek\/2018\/06\/30\/es-meg-ez-is<\/a><br \/>\n<a href=\"https:\/\/www.jazzma.hu\/hirek\/2018\/06\/27\/en-tancolnek-veled\">https:\/\/www.jazzma.hu\/hirek\/2018\/06\/27\/en-tancolnek-veled<\/a><br \/>\n<a href=\"http:\/\/vaskarika.hu\/hirek\/reszletek\/15510\/verbo_blues_est_a_lamantin_jazz_fesztival_blues_napjan_videoval\/\">http:\/\/vaskarika.hu\/hirek\/reszletek\/15510\/verbo_blues_est_a_lamantin_jazz_fesztival_blues_napjan_videoval\/<\/a><br \/>\n<a href=\"https:\/\/www.vaol.hu\/kultura\/helyi-kultura\/lamantin-jazz-blues-funky-es-soul-szol-szombathelyen-2338701\/\">https:\/\/www.vaol.hu\/kultura\/helyi-kultura\/lamantin-jazz-blues-funky-es-soul-szol-szombathelyen-2338701\/<\/a><br \/>\n<a href=\"https:\/\/www.vaol.hu\/kultura\/helyi-kultura\/new-yorkot-hozta-az-agora-msh-ba-toth-vera-a-lamantin-jazz-fesztivalon-2397476\/\">https:\/\/www.vaol.hu\/kultura\/helyi-kultura\/new-yorkot-hozta-az-agora-msh-ba-toth-vera-a-lamantin-jazz-fesztivalon-2397476\/<\/a><\/p>\n","protected":false},"excerpt":{"rendered":"<p>2018 Vas N\u00e9pe 2018-06-16 Vas N\u00e9pe 2018-05-26 S\u00e1rv\u00e1ri H\u00edrlap Montage 2018 j\u00fanius K\u0151szeg \u00e9s Vid\u00e9ke 2018-06-18 Heti V\u00e1lasz 2018-06-14 Heti V\u00e1lasz 2018-05-31 Etalon Online megjelen\u00e9sek: https:\/\/www.gramofon.hu\/archivum\/nagykoru-a-lamantin-jazz-fesztival https:\/\/www.jazzma.hu\/hirek\/2018\/05\/20\/exkluziv-interju-a-lamantin-jazztabor-foszervezojevel-dr-timar-peterrel https:\/\/fidelio.hu\/jazz-world\/iden-is-megnyilik-a-jazz-legszinesebb-rezervatuma-a-lamantin-136969.html http:\/\/www.kormend.hu\/Hirek\/A_jazz_mindenkie.html https:\/\/www.programturizmus.hu\/ajanlat-lamantin-jazz-fesztival.html&#8230;<\/p>\n","protected":false},"author":2,"featured_media":0,"parent":0,"menu_order":0,"comment_status":"closed","ping_status":"closed","template":"","meta":{"footnotes":""},"_links":{"self":[{"href":"http:\/\/www.lamantin.hu\/index.php?rest_route=\/wp\/v2\/pages\/2422"}],"collection":[{"href":"http:\/\/www.lamantin.hu\/index.php?rest_route=\/wp\/v2\/pages"}],"about":[{"href":"http:\/\/www.lamantin.hu\/index.php?rest_route=\/wp\/v2\/types\/page"}],"author":[{"embeddable":true,"href":"http:\/\/www.lamantin.hu\/index.php?rest_route=\/wp\/v2\/users\/2"}],"replies":[{"embeddable":true,"href":"http:\/\/www.lamantin.hu\/index.php?rest_route=%2Fwp%2Fv2%2Fcomments&post=2422"}],"version-history":[{"count":5,"href":"http:\/\/www.lamantin.hu\/index.php?rest_route=\/wp\/v2\/pages\/2422\/revisions"}],"predecessor-version":[{"id":2446,"href":"http:\/\/www.lamantin.hu\/index.php?rest_route=\/wp\/v2\/pages\/2422\/revisions\/2446"}],"wp:attachment":[{"href":"http:\/\/www.lamantin.hu\/index.php?rest_route=%2Fwp%2Fv2%2Fmedia&parent=2422"}],"curies":[{"name":"wp","href":"https:\/\/api.w.org\/{rel}","templated":true}]}}