{"id":1348,"date":"2017-03-27T21:01:45","date_gmt":"2017-03-27T21:01:45","guid":{"rendered":"http:\/\/www.lamantin.hu\/?page_id=1348"},"modified":"2025-04-14T21:43:24","modified_gmt":"2025-04-14T21:43:24","slug":"jelentkezes","status":"publish","type":"page","link":"https:\/\/www.lamantin.hu\/?page_id=1348","title":{"rendered":"Jelentkez\u00e9s"},"content":{"rendered":"<p align=\"center\"><strong>A jelentkez\u00e9s kezdete: 2025. \u00e1prilis 15.<\/strong><br \/>\n<span style=\"font-size: large;\"><b>Jelentkez\u00e9si hat\u00e1rid\u0151: 2025. m\u00e1jus 31.<\/b><\/span><\/p>\n<p><span style=\"color: #222222;\"><b>A jelentkez\u00e9s felt\u00e9telei:<\/b><\/span><\/p>\n<ul>\n<li><span style=\"color: #333333;\"><span lang=\"de-DE\"><b>\u00c9letkor:<\/b><\/span><\/span><span style=\"color: #333333;\"><span lang=\"de-DE\"> 14 \u00e9ves kor alatt sz\u00fcl\u0151i k\u00eds\u00e9rettel. 18 \u00e9v alatti jelentkez\u0151kn\u00e9l feln\u0151tt \u00edr\u00e1sos felel\u0151ss\u00e9gv\u00e1llal\u00e1sa sz\u00fcks\u00e9ges. <\/span><\/span><span style=\"color: #333333;\">(Sajnos nem \u00e1ll m\u00f3dunkban kiskor\u00faak\u00e9rt felel\u0151ss\u00e9get v\u00e1llalni.)<\/span><\/li>\n<li><span style=\"color: #333333;\"><b>Hangszertud\u00e1s:<\/b><\/span><span style=\"color: #333333;\"> minim\u00e1lis hangszertud\u00e1s elegend\u0151 a t\u00e1borban val\u00f3 r\u00e9szv\u00e9telhez. Term\u00e9szetesen a tud\u00e1sszintnek megfelel\u0151 csoportokba osztjuk a jelentkez\u0151ket.<\/span><\/li>\n<li><strong>H\u00e1zirend:<\/strong> A lamantinos di\u00e1kok jelentkez\u00e9s\u00fckkel elfogadj\u00e1k a t\u00e1bor h\u00e1zirendj\u00e9t. A legt\u00f6bben persze en\u00e9lk\u00fcl is tudj\u00e1k, hol vannak a hat\u00e1rok, de az el\u0151z\u0151 \u00e9vekben sajnos tal\u00e1lkoztunk n\u00e9h\u00e1ny kiv\u00e9tellel is. Mindenki zavartalan sz\u00f3rakoz\u00e1sa \u00e9rdek\u00e9ben sz\u00fcletett meg a <a href=\"http:\/\/www.lamantin.hu\/wp-content\/uploads\/2024\/03\/Hazirend.pdf\">H\u00e1zirend<\/a>.<\/li>\n<\/ul>\n<p><span style=\"color: #333333;\"><b>Hangszerek, technikai ig\u00e9nyek:<\/b><\/span><\/p>\n<ul>\n<li><span style=\"color: #333333;\"><b>Hangszert\u00a0<\/b><\/span><span style=\"color: #333333;\">mindenki hozzon mag\u00e1val. Ennek hi\u00e1ny\u00e1ban nem tudjuk garant\u00e1lni k\u00f6lcs\u00f6nhangszer biztos\u00edt\u00e1s\u00e1t.<\/span><\/li>\n<li><span style=\"color: #333333;\"><b>Alaper\u0151s\u00edt\u0151t, k\u00e1belt, stb<\/b><\/span><span style=\"color: #333333;\">.\u00a0az ezt ig\u00e9nyl\u0151 hangszerekn\u00e9l mindenki hozzon mag\u00e1val (nagyb\u0151g\u0151, git\u00e1r, basszusgit\u00e1r, elektromos zongora, \u00e9nekeseknek mikrofon, k\u00e1bel).<\/span><\/li>\n<\/ul>\n<p><span style=\"color: #222222;\"><b>A jelentkez\u00e9s menete:<\/b><\/span><span style=\"color: #222222;\"> (<\/span>Link az online jelentkez\u00e9shez az oldal alj\u00e1n.)<\/p>\n<ul>\n<li style=\"list-style-type: none;\">\n<ul>\n<li><strong>A jelentkez\u00e9s be\u00e9rkez\u00e9sekor automatikus<\/strong><strong> visszaigazol\u00f3 emailt k\u00fcld\u00fcnk.<\/strong> Fizetni ekkor m\u00e9g NEM kell.<\/li>\n<li><strong>J\u00fanius elej\u00e9n<\/strong>\u00a0<strong>a jelentkez\u00e9si lapon megadott emailc\u00edmre\u00a0k\u00fcldj\u00fck ki, hogy a megrendelt sz\u00e1ll\u00e1ssal \u00e9s \u00e9tkez\u00e9ssel egy\u00fctt, \u00f6sszesen mennyit \u00e9s hova kell fizetni.<\/strong><\/li>\n<li>Az \u00f6sszeget banki \u00e1tutal\u00e1ssal k\u00e9rj\u00fck.<\/li>\n<li>Az utols\u00f3 k\u00e9t h\u00e9tben visszamondott jelentkez\u00e9sekn\u00e9l a r\u00e9szv\u00e9teli d\u00edjnak csak a 70%-\u00e1t tudjuk visszafizetni.<\/li>\n<\/ul>\n<\/li>\n<\/ul>\n<p><span style=\"color: #222222;\"><b>K\u00f6lts\u00e9gek:<\/b><\/span><\/p>\n<ul>\n<li><span style=\"color: #333333;\"><strong>R\u00e9szv\u00e9tel: 35.000 Ft<\/strong>, mely tartalmazza a t\u00e1bor r\u00e9szv\u00e9teli d\u00edj\u00e1t, \u00e9s egy fesztiv\u00e1ljegyet.<\/span><\/li>\n<li><span style=\"color: #333333;\">Ig\u00e9ny szerint olcs\u00f3 sz\u00e1ll\u00e1st \u00e9s \u00e9tkez\u00e9st biztos\u00edtunk. A r\u00e9szv\u00e9teli d\u00edj ezek k\u00f6lts\u00e9geit NEM fedezi.<\/span><\/li>\n<li><b>FONTOS! <\/b><span style=\"color: #333333;\">Mivel az \u00e1ltalatok fizetett \u00f6sszeg kb. a fel\u00e9t fedezi a t\u00e1bori k\u00f6lts\u00e9geknek, ez\u00e9rt pontosan kell tudnunk a l\u00e9tsz\u00e1mot. Ez\u00e9rt a megadott hat\u00e1rid\u0151n t\u00fal jelentkez\u0151knek nem 35.000 Ft-ot, hanem 45.000 Ft-ot kell fizetni\u00fck!<\/span><\/li>\n<\/ul>\n<p><span style=\"color: #222222;\"><span lang=\"de-DE\"><b>Tov\u00e1bbi inform\u00e1ci\u00f3:<\/b><\/span><\/span><\/p>\n<p><span style=\"color: #333333;\"><span lang=\"de-DE\">T\u00edm\u00e1r Emese<br \/>\n06 70\/ 414 01 00<br \/>\n<\/span><\/span><span lang=\"de-DE\">tim.emese@gmail.com<\/span><\/p>\n<h1 style=\"text-align: center;\"><a href=\"https:\/\/www.lamantin.hu\/tabor\/2025\/\"><span style=\"color: #ff0000;\"><strong>Jelentkezem!<\/strong><\/span><\/a><\/h1>\n","protected":false},"excerpt":{"rendered":"<p>A jelentkez\u00e9s kezdete: 2025. \u00e1prilis 15. Jelentkez\u00e9si hat\u00e1rid\u0151: 2025. m\u00e1jus 31. A jelentkez\u00e9s felt\u00e9telei: \u00c9letkor: 14 \u00e9ves kor alatt sz\u00fcl\u0151i k\u00eds\u00e9rettel. 18 \u00e9v alatti jelentkez\u0151kn\u00e9l feln\u0151tt \u00edr\u00e1sos felel\u0151ss\u00e9gv\u00e1llal\u00e1sa sz\u00fcks\u00e9ges. (Sajnos&#8230;<\/p>\n","protected":false},"author":1,"featured_media":0,"parent":1342,"menu_order":0,"comment_status":"closed","ping_status":"closed","template":"","meta":{"footnotes":""},"_links":{"self":[{"href":"https:\/\/www.lamantin.hu\/index.php?rest_route=\/wp\/v2\/pages\/1348"}],"collection":[{"href":"https:\/\/www.lamantin.hu\/index.php?rest_route=\/wp\/v2\/pages"}],"about":[{"href":"https:\/\/www.lamantin.hu\/index.php?rest_route=\/wp\/v2\/types\/page"}],"author":[{"embeddable":true,"href":"https:\/\/www.lamantin.hu\/index.php?rest_route=\/wp\/v2\/users\/1"}],"replies":[{"embeddable":true,"href":"https:\/\/www.lamantin.hu\/index.php?rest_route=%2Fwp%2Fv2%2Fcomments&post=1348"}],"version-history":[{"count":36,"href":"https:\/\/www.lamantin.hu\/index.php?rest_route=\/wp\/v2\/pages\/1348\/revisions"}],"predecessor-version":[{"id":4146,"href":"https:\/\/www.lamantin.hu\/index.php?rest_route=\/wp\/v2\/pages\/1348\/revisions\/4146"}],"up":[{"embeddable":true,"href":"https:\/\/www.lamantin.hu\/index.php?rest_route=\/wp\/v2\/pages\/1342"}],"wp:attachment":[{"href":"https:\/\/www.lamantin.hu\/index.php?rest_route=%2Fwp%2Fv2%2Fmedia&parent=1348"}],"curies":[{"name":"wp","href":"https:\/\/api.w.org\/{rel}","templated":true}]}}

Jelentkezés

<p align="center"><strong>A jelentkezés kezdete: 2025. április 15.</strong><br />
<span style="font-size: large;"><b>Jelentkezési határidő: 2025. május 31.</b></span></p>
<p><span style="color: #222222;"><b>A jelentkezés feltételei:</b></span></p>
<ul>
<li><span style="color: #333333;"><span lang="de-DE"><b>Életkor:</b></span></span><span style="color: #333333;"><span lang="de-DE"> 14 éves kor alatt szülői kísérettel. 18 év alatti jelentkezőknél felnőtt írásos felelősségvállalása szükséges. </span></span><span style="color: #333333;">(Sajnos nem áll módunkban kiskorúakért felelősséget vállalni.)</span></li>
<li><span style="color: #333333;"><b>Hangszertudás:</b></span><span style="color: #333333;"> minimális hangszertudás elegendő a táborban való részvételhez. Természetesen a tudásszintnek megfelelő csoportokba osztjuk a jelentkezőket.</span></li>
<li><strong>Házirend:</strong> A lamantinos diákok jelentkezésükkel elfogadják a tábor házirendjét. A legtöbben persze enélkül is tudják, hol vannak a határok, de az előző években sajnos találkoztunk néhány kivétellel is. Mindenki zavartalan szórakozása érdekében született meg a <a href="http://www.lamantin.hu/wp-content/uploads/2024/03/Hazirend.pdf">Házirend</a>.</li>
</ul>
<p><span style="color: #333333;"><b>Hangszerek, technikai igények:</b></span></p>
<ul>
<li><span style="color: #333333;"><b>Hangszert </b></span><span style="color: #333333;">mindenki hozzon magával. Ennek hiányában nem tudjuk garantálni kölcsönhangszer biztosítását.</span></li>
<li><span style="color: #333333;"><b>Alaperősítőt, kábelt, stb</b></span><span style="color: #333333;">. az ezt igénylő hangszereknél mindenki hozzon magával (nagybőgő, gitár, basszusgitár, elektromos zongora, énekeseknek mikrofon, kábel).</span></li>
</ul>
<p><span style="color: #222222;"><b>A jelentkezés menete:</b></span><span style="color: #222222;"> (</span>Link az online jelentkezéshez az oldal alján.)</p>
<ul>
<li style="list-style-type: none;">
<ul>
<li><strong>A jelentkezés beérkezésekor automatikus</strong><strong> visszaigazoló emailt küldünk.</strong> Fizetni ekkor még NEM kell.</li>
<li><strong>Június elején</strong> <strong>a jelentkezési lapon megadott emailcímre küldjük ki, hogy a megrendelt szállással és étkezéssel együtt, összesen mennyit és hova kell fizetni.</strong></li>
<li>Az összeget banki átutalással kérjük.</li>
<li>Az utolsó két hétben visszamondott jelentkezéseknél a részvételi díjnak csak a 70%-át tudjuk visszafizetni.</li>
</ul>
</li>
</ul>
<p><span style="color: #222222;"><b>Költségek:</b></span></p>
<ul>
<li><span style="color: #333333;"><strong>Részvétel: 35.000 Ft</strong>, mely tartalmazza a tábor részvételi díját, és egy fesztiváljegyet.</span></li>
<li><span style="color: #333333;">Igény szerint olcsó szállást és étkezést biztosítunk. A részvételi díj ezek költségeit NEM fedezi.</span></li>
<li><b>FONTOS! </b><span style="color: #333333;">Mivel az általatok fizetett összeg kb. a felét fedezi a tábori költségeknek, ezért pontosan kell tudnunk a létszámot. Ezért a megadott határidőn túl jelentkezőknek nem 35.000 Ft-ot, hanem 45.000 Ft-ot kell fizetniük!</span></li>
</ul>
<p><span style="color: #222222;"><span lang="de-DE"><b>További információ:</b></span></span></p>
<p><span style="color: #333333;"><span lang="de-DE">Tímár Emese<br />
06 70/ 414 01 00<br />
</span></span><span lang="de-DE">tim.emese@gmail.com</span></p>
<h1 style="text-align: center;"><a href="https://www.lamantin.hu/tabor/2025/"><span style="color: #ff0000;"><strong>Jelentkezem!</strong></span></a></h1>

<p>A jelentkezés kezdete: 2025. április 15. Jelentkezési határidő: 2025. május 31. A jelentkezés feltételei: Életkor: 14 éves kor alatt szülői kísérettel. 18 év alatti jelentkezőknél felnőtt írásos felelősségvállalása szükséges. (Sajnos&#8230;</p>
